2 a multiple of 304?
True
Does 43 divide 227?
False
Is 24570 a multiple of 210?
True
Does 9 divide 918?
True
Is 3370 a multiple of 10?
True
Does 4 divide 144?
True
Does 34 divide 578?
True
Is 20 a factor of 21200?
True
Does 71 divide 2485?
True
Does 2 divide 1577?
False
Does 9 divide 3681?
True
Does 21 divide 1617?
True
Does 10 divide 300?
True
Is 9 a factor of 12?
False
Is 12 a factor of 36?
True
Is 11655 a multiple of 111?
True
Does 360 divide 54000?
True
Is 128 a multiple of 8?
True
Is 11071 a multiple of 42?
False
Does 39 divide 1599?
True
Is 4 a factor of 296?
True
Is 166 a multiple of 11?
False
Does 47 divide 282?
True
Does 28 divide 49588?
True
Does 64 divide 134?
False
Is 12600 a multiple of 45?
True
Does 46 divide 41124?
True
Is 36 a factor of 540?
True
Does 124 divide 5952?
True
Does 21 divide 210?
True
Does 33 divide 2448?
False
Is 7 a factor of 684?
False
Is 1267 a multiple of 181?
True
Is 1848 a multiple of 7?
True
Does 25 divide 2550?
True
Does 34 divide 1598?
True
Is 15 a factor of 470?
False
Does 2 divide 627?
False
Is 1096 a multiple of 48?
False
Is 65 a factor of 16055?
True
Is 3 a factor of 23034?
True
Is 10661 a multiple of 59?
False
Is 27 a factor of 459?
True
Is 19 a factor of 27873?
True
Is 54 a factor of 544?
False
Is 695 a multiple of 5?
True
Does 34 divide 646?
True
Does 9 divide 495?
True
Does 59 divide 2298?
False
Is 7 a factor of 59318?
True
Does 42 divide 16091?
False
Is 7289 a multiple of 37?
True
Is 8 a factor of 3223?
False
Is 28896 a multiple of 112?
True
Is 4104 a multiple of 171?
True
Is 15 a factor of 4635?
True
Does 2 divide 68?
True
Does 5 divide 1921?
False
Does 69 divide 2371?
False
Is 18783 even?
False
Is 120 a multiple of 19?
False
Is 1240 a multiple of 40?
True
Is 228 a multiple of 19?
True
Does 118 divide 113280?
True
Does 12 divide 38352?
True
Does 40 divide 84880?
True
Does 48 divide 46113?
False
Does 37 divide 809?
False
Is 22880 a multiple of 55?
True
Does 61 divide 58377?
True
Is 14 a factor of 20129?
False
Is 3 a factor of 413?
False
Is 214416 a multiple of 24?
True
Is 143 a multiple of 6?
False
Is 301 a multiple of 43?
True
Is 14424 a multiple of 12?
True
Is 60128 a multiple of 16?
True
Is 380 a multiple of 38?
True
Is 10 a factor of 130?
True
Is 49684 a multiple of 27?
False
Is 16 a factor of 65818?
False
Is 45 a factor of 684?
False
Does 23 divide 416?
False
Does 120 divide 2160?
True
Is 5236 a multiple of 28?
True
Is 12148 a multiple of 14?
False
Is 1769 a multiple of 3?
False
Does 81 divide 10854?
True
Is 111 a factor of 5215?
False
Is 19 a factor of 724?
False
Does 38 divide 239?
False
Is 130 a factor of 19468?
False
Is 16066 a multiple of 12?
False
Does 8 divide 160?
True
Does 73 divide 6205?
True
Does 95 divide 855?
True
Is 28 a factor of 504?
True
Does 8 divide 72?
True
Is 2 a factor of 9012?
True
Is 7 a factor of 1545?
False
Is 13650 a multiple of 78?
True
Is 9 a factor of 25956?
True
Is 109 a factor of 6540?
True
Does 99 divide 594?
True
Does 19 divide 36917?
True
Does 5 divide 105?
True
Does 20 divide 220?
True
Is 393 a multiple of 9?
False
Does 69 divide 6517?
False
Is 540 a multiple of 10?
True
Is 227 a factor of 56082?
False
Does 65 divide 64895?
False
Is 7506 a multiple of 9?
True
Does 29 divide 24505?
True
Is 26 a factor of 364?
True
Is 13 a factor of 1313?
True
Is 7822 a multiple of 19?
False
Does 43 divide 3805?
False
Is 1104 a multiple of 16?
True
Does 167 divide 5158?
False
Does 4 divide 492?
True
Does 5 divide 420?
True
Does 30 divide 696?
False
Is 4 a factor of 2156?
True
Is 5412 a multiple of 6?
True
Is 50 a factor of 7858?
False
Is 15 a factor of 50640?
True
Is 8 a factor of 632?
True
Does 33 divide 13464?
True
Is 234 a factor of 28224?
False
Does 30 divide 230?
False
Does 8 divide 5672?
True
Is 61 a factor of 554?
False
Is 9 a factor of 13140?
True
Does 7 divide 10433?
False
Is 11245 a multiple of 122?
False
Does 16 divide 1920?
True
Does 28 divide 2492?
True
Is 4 a factor of 296?
True
Is 37 a factor of 17057?
True
Does 39 divide 1911?
True
Is 85 a factor of 21733?
False
Is 2 a factor of 411?
False
Is 1933 a multiple of 2?
False
Is 59 a factor of 3540?
True
Is 10 a factor of 93709?
False
Is 4029 a multiple of 79?
True
Does 2 divide 6627?
False
Is 1715 a multiple of 3?
False
Is 162 a factor of 56812?
False
Is 2618 a multiple of 17?
True
Is 14823 a multiple of 9?
True
Is 74 a factor of 592?
True
Is 6767 a multiple of 9?
False
Is 52 a factor of 1508?
True
Is 264 a multiple of 12?
True
Is 1140 a multiple of 15?
True
Does 6 divide 191?
False
Is 149 a factor of 745?
True
Does 57 divide 3306?
True
Is 148 a multiple of 76?
False
Does 55 divide 3740?
True
Is 20 a factor of 1586?
False
Is 53538 a multiple of 15?
False
Does 3 divide 2545?
False
Is 2999 a multiple of 19?
False
Is 6 a factor of 2721?
False
Does 18 divide 1710?
True
Is 1180 a multiple of 56?
False
Does 6 divide 1644?
True
Is 13350 a multiple of 89?
True
Does 41 divide 390?
False
Does 45 divide 9363?
False
Does 41 divide 2089?
False
Is 5 a factor of 6894?
False
Is 492 a multiple of 41?
True
Is 2200 a multiple of 25?
True
Is 113 a factor of 814?
False
Is 2425 a multiple of 13?
False
Does 11 divide 2981?
True
Is 2349 a multiple of 81?
True
Is 1484 a multiple of 7?
True
Is 7 a factor of 595?
True
Does 31 divide 21514?
True
Is 31965 a multiple of 21?
False
Is 141 a factor of 4794?
True
Does 101 divide 1313?
True
Is 108 a factor of 18684?
True
Is 109412 a multiple of 207?
False
Is 397 a multiple of 35?
False
Does 27 divide 2916?
True
Is 4661 a multiple of 255?
False
Is 6 a factor of 10?
False
Does 22 divide 11088?
True
Does 29 divide 503?
False
Is 1242 a multiple of 14?
False
Does 26 divide 624?
True
Does 10 divide 380?
True
Is 95864 a multiple of 92?
True
Is 2592 a multiple of 12?
True
Is 4 a factor of 5550?
False
Does 6 divide 498?
True
Is 1765 a multiple of 6?
False
Is 528 a multiple of 88?
True
Does 76 divide 45524?
True
Does 12 divide 144?
True
Is 11391 a multiple of 5?
False
Is 19608 a multiple of 76?
True
Is 6 a multiple of 3?
True
Does 17 divide 901?
True
Is 2 a factor of 5645?
False
Is 56495 a multiple of 136?
False
Is 11 a multiple of 7?
False
Is 22067 a multiple of 5?
False
Is 10 a factor of 1000?
True
Is 3248 a multiple of 112?
True
Is 10 a factor of 12087?
False
Is 8832 a multiple of 114?
False
Is 1782 a multiple of 27?
True
Is 39950 a multiple of 319?
False
Is 5 a factor of 7405?
True
Does 51 divide 3215?
False
Is 950 a multiple of 10?
True
Does 13 divide 1977?
False
Is 6 a factor of 131?
False
Does 101 divide 404?
True
Is 684 a multiple of 76?
True
Is 30 a factor of 397?
False
Does 15 divide 5583?
False
Does 2 divide 19?
False
Is 16960 a multiple of 106?
True
Does 27 divide 10642?
False
Is 18708 a multiple of 3?
True
Is 413 a multiple of 7?
True
Is 19054 a multiple of 30?
False
Is 54098 a multiple of 37?
False
Does 55 divide 2525?
False
Does 30 divide 1950?
True
Is 414 a multiple of 18?
True
Is 11 a factor of 484?
True
Is 81 a factor of 2592?
True
Does 13 divide 27072?
False
Is 2 a factor of 27420?
True
Does 11 divide 639?
False
Does 46 divide 18630?
True
Does 3 divide 412?
False
Is 8238 a multiple of 5?
False
Does 3 divide 52?
False
Is 5206 a multiple of 6?
False
Is 424 a multiple of 106?
True
Is 24 a factor of 81120?
True
Is 5 a factor of 1040?
True
Does 14 divide 3906?
True
Is 273 a multiple of 21?
True
Does 45 divide 180?
True
Is 28 a factor of 74646?
False
Does 18 divide 12258?
True
Is 6741 a multiple of 15?
False
Is 10 a factor of 80?
True
Is 33 a factor of 13035?
True
Is 32 a factor of 939?
False
Is 1367 a multiple of 6?
False
Is 5918 a multiple of 9?
False
Does 117 divide 1945?
False
Is 111 a factor of 10942?
False
Is 37 a factor of 3922?
True
Is 6634 a multiple of 31?
True
Is 30630 a multiple of 5?
True
Does 40 divide 10561?
False
Is 24990 a multiple of 21?
True
Is 12 a factor of 113184?
True
Is 9 a factor of 697?
False
Does 8 divide 396?
False
Is 99297 a multiple of 33?
True
Does 110 divide 24090?
True
Is 5161 a multiple of 22?
False
Does 9 divide 297?
True
Is 1327 a multiple of 50?
False
Is 3 a factor of 726?
True
Does 48 divide 288?
True
Is 55 a factor of 5619?
False
Does 40 divide 400?
True
Is 27 a factor of 16281?
True
Is 285 even?
False
Is 1028 a multiple of 6?
False
Is 734 a multiple o